hat is the highest common factor of 10565 and 26325867?
2113
Calculate the greatest common divisor of 2213517 and 10229.
193
What is the highest common factor of 11516 and 3716?
4
What is the highest common factor of 1367667 and 14427?
63
Calculate the highest common factor of 20313 and 43209.
9
What is the greatest common divisor of 107315136 and 160?
32
Calculate the highest common divisor of 142454648 and 560.
56
What is the greatest common divisor of 37695 and 9691923?
1077
What is the greatest common factor of 1254482 and 4872?
58
What is the greatest common divisor of 583107 and 413?
7
Calculate the highest common divisor of 12096 and 57638.
14
Calculate the highest common divisor of 1175699 and 189.
7
Calculate the greatest common divisor of 212422252 and 244.
244
Calculate the highest common divisor of 155310 and 479415.
465
What is the greatest common factor of 369940685 and 5515?
5515
Calculate the highest common divisor of 351675 and 533250.
675
What is the highest common divisor of 945 and 529275?
15
What is the greatest common factor of 1828376 and 341?
11
What is the highest common factor of 39780 and 61720880?
4420
What is the highest common divisor of 912375 and 10125?
1125
What is the greatest common divisor of 2508 and 552156?
132
Calculate the greatest common factor of 10395 and 193067490.
1155
What is the greatest common factor of 12994016 and 6272?
1568
What is the highest common factor of 3073312 and 32?
32
Calculate the greatest common divisor of 8667211 and 247.
19
Calculate the highest common divisor of 3141684 and 187200.
468
What is the greatest common divisor of 14385 and 2297901?
411
Calculate the greatest common factor of 246 and 152727624.
246
What is the greatest common divisor of 50130 and 8118275?
2785
What is the greatest common divisor of 4689 and 477?
9
Calculate the greatest common divisor of 432 and 350719956.
108
What is the greatest common factor of 24894 and 460?
2
What is the highest common factor of 37606820 and 60?
20
Calculate the highest common factor of 3298377 and 12.
3
Calculate the greatest common divisor of 28061 and 726.
11
What is the greatest common divisor of 193 and 733277?
1
Calculate the highest common factor of 2115327 and 38.
19
Calculate the greatest common factor of 324 and 174568662.
54
What is the highest common factor of 210 and 693352030?
70
What is the highest common divisor of 802546 and 7070?
202
What is the greatest common factor of 200 and 52096600?
200
Calculate the highest common divisor of 8192 and 24246272.
2048
Calculate the highest common factor of 3363837 and 987.
141
Calculate the highest common divisor of 375950322 and 1386.
198
What is the greatest common divisor of 28 and 3298088?
4
What is the highest common factor of 2202 and 6978?
6
What is the highest common divisor of 2133011 and 222813?
1303
Calculate the highest common divisor of 455700 and 14584850.
2450
What is the greatest common factor of 5283625 and 3932?
983
What is the greatest common divisor of 3156327 and 1701?
243
Calculate the highest common divisor of 2294984 and 16.
8
What is the greatest common divisor of 186861 and 42255?
939
Calculate the highest common factor of 234243765 and 595.
595
What is the highest common factor of 135777858 and 38337?
2949
What is the greatest common factor of 573 and 127952619?
573
What is the highest common factor of 3020 and 433906805?
755
Calculate the greatest common divisor of 16866 and 5781290.
1874
Calculate the highest common factor of 2071 and 39802549.
2071
What is the highest common factor of 18220857 and 237?
3
What is the greatest common divisor of 670504354 and 19864?
4966
Calculate the greatest common factor of 5394 and 55157246.
1798
What is the greatest common divisor of 37829829 and 2219?
317
Calculate the greatest common factor of 992 and 13486209.
31
Calculate the greatest common divisor of 267594303 and 12.
3
What is the greatest common divisor of 18656 and 31776?
32
What is the greatest common divisor of 100 and 41648425?
25
What is the greatest common factor of 42635509 and 93?
31
What is the highest common divisor of 2810455 and 40?
5
What is the highest common divisor of 64 and 9681820?
4
Calculate the greatest common factor of 912 and 1801992.
24
What is the highest common factor of 3928380 and 3840?
60
What is the highest common divisor of 96350217 and 1896?
237
Calculate the greatest common divisor of 33247792 and 224.
16
What is the highest common factor of 30443023 and 62?
31
Calculate the greatest common divisor of 4500 and 18150000.
1500
Calculate the greatest common divisor of 1379 and 13937356.
197
What is the highest common factor of 3660464 and 608?
304
What is the highest common divisor of 112108 and 5108?
4
What is the highest common divisor of 776998 and 34?
2
What is the highest common divisor of 703 and 13594614?
703
Calculate the greatest common factor of 694304 and 6136.
104
Calculate the greatest common divisor of 3875815287 and 261.
261
What is the greatest common factor of 13667552 and 12816?
1424
What is the highest common factor of 208564491 and 7683?
591
Calculate the greatest common factor of 35 and 5171621.
7
Calculate the greatest common factor of 12797 and 17057446.
191
Calculate the highest common factor of 93405 and 113633.
13
What is the highest common factor of 18627379 and 15793?
929
Calculate the highest common divisor of 3268 and 7267817.
43
Calculate the greatest common factor of 36 and 2421049212.
36
What is the highest common divisor of 63438606 and 38038?
2926
What is the highest common divisor of 154292 and 10846?
34
Calculate the greatest common divisor of 42856070 and 410.
410
What is the greatest common divisor of 302289036 and 26656?
3332
Calculate the greatest common divisor of 63732 and 269166.
678
Calculate the highest common divisor of 477133574 and 92.
46
Calculate the highest common factor of 20 and 30369910.
10
Calculate the greatest common factor of 403238 and 186516.
22
Calculate the greatest common divisor of 745 and 65508595.
745
Calculate the highest common divisor of 154420537 and 17.
17
Calculate the greatest common divisor of 155035 and 23.
1
What is the greatest common divisor of 5609 and 113918?
79
Calculate the greatest common divisor of 94212160 and 3836.
3836
Calculate the greatest common factor of 326188654 and 44.
22
Calculate the highest common factor of 2205045 and 409545.
855
What is the highest common divisor of 21842639 and 91?
91
Calculate the highest common factor of 177039 and 645354.
27
What is the highest common divisor of 2535 and 316081545?
2535
What is the greatest common divisor of 8919196 and 948155?
6539
What is the highest common divisor of 56278873 and 301?
301
What is the highest common divisor of 21665 and 59375?
5
What is the highest common divisor of 362010 and 671880?
330
Calculate the greatest common factor of 8 and 13027144.
8
What is the greatest common divisor of 1935775 and 50?
25
What is the greatest common factor of 1487122 and 29666?
182
What is the highest common divisor of 826024 and 15168?
632
What is the greatest common factor of 329 and 787062?
47
What is the greatest common divisor of 5984553 and 2424?
303
Calculate the highest common factor of 30654 and 18163674.
2358
What is the greatest common factor of 6416864 and 151312?
3088
What is the highest common divisor of 706289745 and 8715?
8715
Calculate the greatest common divisor of 261 and 71957265.
87
What is the highest common divisor of 44 and 49882052?
44
What is the highest common divisor of 9696 and 191640?
24
What is the greatest common divisor of 4533 and 28776995?
1511
What is the highest common divisor of 65 and 251410?
5
What is the greatest common factor of 2253274 and 16920?
94
Calculate the greatest common factor of 179 and 144589577.
179
What is the highest common divisor of 2311342 and 337106?
242
What is the highest common divisor of 10 and 1264534?
2
What is the greatest common divisor of 245 and 13342105?
35
What is the highest common factor of 2163 and 1628018?
721
Calculate the highest common factor of 39564853 and 207.
23
What is the highest common factor of 18 and 4140928?
2
Calculate the highest common factor of 2503216 and 128.
16
What is the greatest common